s the remainder when 2*(t/(-2) - 2) is divided by r?
4
Let c(x) = -x + 8. Let h be c(9). Let d = h - -3. What is the remainder when 5 is divided by d?
1
Let v(t) = -t**3 - t**2 + t + 1. Let z be v(-2). Let q be (-10)/6*(-22 + 1). Suppose z + q = m. What is the remainder when m is divided by 13?
12
Suppose 6*w = w + 25. Suppose f = -5*p - 10, 3*p - 2 = f - 8. Calculate the remainder when 19/((1 - 0) + f) is divided by w.
4
Suppose -5 = -2*x + 5. Let q(y) = -6*y - 7*y**2 + 2*y**3 + 4 + 2*y**2 - y**3 + 2*y**2. What is the remainder when q(x) is divided by 13?
11
Let a(y) = -2*y**3 - 2*y**2 - y + 1. Suppose 0*o - 2*o = -82. What is the remainder when o is divided by a(-2)?
8
Let z = -73 - -104. Let q(f) = -f**3 + 7*f**2 - 5*f + 5. Suppose 24 = 2*j + 2*j. Calculate the remainder when z is divided by q(j).
9
Suppose -y + 6*y = 5. Let x be (6/(-9))/(y/(-93)). Suppose 3*u = 5*u - x. Calculate the remainder when u is divided by 11.
9
Let v = 29 + 19. What is the remainder when v is divided by 13?
9
Let r be 321/(-21) + (-4)/(-14). Let g = r + 27. Calculate the remainder when 35 is divided by g.
11
Let j = 5 - 5. Suppose 0*y - 2*y - 2 = j. Calculate the remainder when (y - 0) + 14 - 2 is divided by 6.
5
Let c(x) = -3*x**3 - 10*x**2 - x - 1. Calculate the remainder when c(-4) is divided by 9.
8
Suppose 4*x = 6*x - 20. What is the remainder when 48 is divided by x?
8
Let k = 18 + -1. Let l = 25 - k. Calculate the remainder when l is divided by 2 - -1 - (-1 - -1).
2
Let u = 3 + 23. Suppose -r - 4 = -p - 0, p + 3*r - 4 = 0. Suppose -p*x + 82 = -u. Calculate the remainder when x is divided by 14.
13
What is the remainder when 36 is divided by 4/8*2 + (-120)/(-6)?
15
Let j = -56 + 107. Calculate the remainder when j is divided by 18.
15
Let o(p) = -p**3 - 4*p**2 - 3*p - 3. Let k be o(-3). Let a = 16 - 11. What is the remainder when a is divided by k/(-1 + 0/2)?
2
What is the remainder when 75 is divided by (18/15)/((-3)/(-50))?
15
Let g = -13 + 8. Let l be (-31)/3 - 6/9. Let a = g - l. What is the remainder when 17 is divided by a?
5
Let t be -1 + (2 - 1)*-1. Calculate the remainder when (24/18)/(4/6) is divided by (t/(-6))/(6/18).
0
Suppose -2*m = 5*n - 61, m = 4*m - 2*n - 44. Calculate the remainder when m is divided by 5.
3
Let m = 50 - 28. Suppose 0 = -2*z - 0*z - 2*l + m, -5*l + 10 = 0. Calculate the remainder when 26 is divided by z.
8
Let q = -43 + 53. What is the remainder when 26 is divided by q?
6
Calculate the remainder when (-2)/(-13) + (-635)/(-13) is divided by 28.
21
Suppose -9 = 5*u - m - 48, m = -4*u + 24. What is the remainder when 26 is divided by u?
5
Calculate the remainder when 147 is divided by 10/4*(13 - -7).
47
Let i(y) = y**2 + y + 1. Let p be i(-4). Suppose 2*g - p = -s - 3*g, -4*g - 26 = -2*s. Suppose 4*q = 31 - 3. What is the remainder when s is divided by q?
6
Let m = 222 + -329. Let z = -48 - m. Calculate the remainder when z is divided by 12.
11
Let h(f) = -f**3 - f**2 + f + 3. Let z be h(3). Let p be z/(-8)*(-8)/3. Let t = 17 + p. Calculate the remainder when 19 is divided by t.
5
What is the remainder when 32 is divided by ((-24)/(-5))/((-2)/(-5))?
8
Calculate the remainder when 364/6 + (-5)/(-15) is divided by 16.
13
Suppose -5*p + 9 = -6. Let s(z) = -z**3 - 4*z**2 - 4*z - 6. What is the remainder when s(-4) is divided by p?
1
Suppose 5*i = -x - 10, -1 = -x + 2*i + 3. Let w = x + 2. Suppose -6 = -w*z + 20. What is the remainder when z is divided by 5?
3
Suppose -7*n + 115 = -2*n. Let i = -10 + n. Let a(w) = 2*w**2 + 4*w - 5. Calculate the remainder when a(-5) is divided by i.
12
Suppose -4*o - 226 = -5*n - 7*o, 4*o - 228 = -5*n. Calculate the remainder when n is divided by (-3)/(-4 - (-76)/20).
14
Let p be (-21)/14*(-2)/1. Let f be 4*p/(-6)*-1. What is the remainder when 44 - (0 - 0 - f) is divided by 16?
14
Let u be (-2 + 2)*(-1)/(-2). Suppose -5*q - 25 = u, q + 9 = -3*i + 31. Calculate the remainder when 33 is divided by i.
6
Calculate the remainder when (12/8)/((-3)/(-138)) is divided by 18.
15
Suppose 5*v - 7*v = -294. What is the remainder when v is divided by 10?
7
Let g = 0 - -3. What is the remainder when 3 is divided by g?
0
Let c(o) = -o**2 + 23*o + 15. Calculate the remainder when c(23) is divided by 6.
3
Suppose 0 = -4*c + 2*t + 452, -5*c + 2*t = -245 - 321. What is the remainder when c is divided by 59?
55
Calculate the remainder when 17 is divided by (40/6)/(2/3).
7
Let z = 218 + -199. Let f(a) = 8*a - 10. Calculate the remainder when f(8) is divided by z.
16
Let u = -35 + 42. Calculate the remainder when 18 is divided by u.
4
Suppose 2*l - 8 = 10. Calculate the remainder when 3/l*(4 - -20) is divided by 3.
2
Suppose 3*h = -0*h. Suppose 2*w + w = -i + 4, h = -2*i - 2*w + 16. What is the remainder when 37 is divided by i?
7
Calculate the remainder when (-6)/(-18) + 528/9 is divided by 15.
14
What is the remainder when 6 is divided by (-8)/(-3)*(-15)/(-10)?
2
Suppose -3*g + 2*g + 17 = -5*d, d - 23 = -g. Let k(v) = 2*v**2 - 7*v + 1. Let c be k(5). Let u = c + -8. Calculate the remainder when g is divided by u.
6
Let n = 0 - -4. Suppose 2*m - n*r - 58 = 0, -6*r = 5*m - 3*r - 184. Let d = -19 + m. Calculate the remainder when d is divided by 9.
7
Let u = 6 - -18. What is the remainder when u is divided by (-2)/(-4) - (-27)/6?
4
Suppose 0 = 4*n - 48 - 32. Calculate the remainder when n is divided by 11.
9
Let x(z) = 2*z**2 + 29*z + 21. Calculate the remainder when x(-14) is divided by 5.
2
Let s = 50 - -2. Let x be ((-4)/6)/((-8)/36). Suppose 3*q + x*q - 108 = 0. Calculate the remainder when s is divided by q.
16
Suppose 3*p = x + 7*p - 3, -5*p + 45 = 5*x. Let l be (10 - 0)*(-10)/4. Let v = 6 - l. Calculate the remainder when v is divided by x.
9
Let g(q) = q - 1. Let r be g(6). Let o(l) = l - 2. Let c be o(r). Let h(a) = a + 2. What is the remainder when 9 is divided by h(c)?
4
Suppose -44 = -4*w - 0*w. What is the remainder when 19 is divided by w?
8
Let q(l) = -7*l + l**2 + 3 + 7*l. What is the remainder when q(7) is divided by 2/(-6) - 110/(-6)?
16
Let r = -3 - -7. Suppose -r*k + 5 = -3*k. Suppose -m = 3*q - 5*m - k, m + 11 = 4*q. Calculate the remainder when 7 is divided by q.
1
Let y be (8/(-3))/(2/(-33)). Let a = y + -27. Suppose 3*q - 16 = 11. Calculate the remainder when a is divided by q.
8
Let n(z) = -9*z - 1. Suppose 3*g + 0*q + 6 = 2*q, -4*g + 5*q = 1. Let d be n(g). Calculate the remainder when (-3 - (d - 1))*-1 is divided by 10.
7
Let i(n) = 5*n**2 - 3*n**2 + 4 - 3*n + 4*n**2 + n**3 - n**2. Calculate the remainder when i(-5) is divided by 11.
8
Let b(g) = g**3 - 2*g**2 - 3*g. Let i be b(3). Suppose i*x = x - 13. Calculate the remainder when x is divided by 1 - (-3 + (-1 - 0)).
3
Let p = 17 - -5. What is the remainder when 42 is divided by (p/4)/(1/2)?
9
Suppose 7*c = c + 318. Calculate the remainder when c is divided by 14.
11
Let w = 8 - 0. Calculate the remainder when 27 is divided by 28/2*4/w.
6
Suppose -13*r + 141 = -10*r. What is the remainder when r is divided by 14 - (-2)/3*-3?
11
Suppose 3*f - 4*u + 8 = 0, u + 0 = 3*f - 7. Suppose p - 245 = -f*p. What is the remainder when p is divided by 13?
10
Suppose 3*i - 4 = -4*w, -3*i + 21 = -i - w. Calculate the remainder when 15 is divided by i.
7
Suppose -w - 2*j = -8, 2*w - 2*j = -5*j + 20. Calculate the remainder when 30 is divided by w.
14
Suppose 0*i - 4*f = 5*i + 1, -20 = 5*f. Suppose -v = i - 77. Calculate the remainder when v is divided by 19.
17
Let m = -84 + 134. What is the remainder when m is divided by 0 + 1*(17 + 0)?
16
What is the remainder when 4 + (-6)/2 + 21 is divided by 6?
4
Let w(t) = -t**2 + 6*t + 10. What is the remainder when 4 is divided by w(7)?
1
Suppose -32 = 4*h - 6*h + 2*n, 5*h + 5*n - 70 = 0. Suppose -132 = -2*t - t. Calculate the remainder when t is divided by h.
14
Let y(q) = q**3 - 15*q**2 + 22*q - 6. Let n be y(15). Suppose -5*g + 107 = a, -n - 234 = -5*a - 2*g. What is the remainder when a is divided by 38?
36
Suppose -55 = -4*d - d - 3*n, 2*d + 2*n = 26. Let v(u) = 3*u**3 + u**2 + u - 1. Let y be (-6)/(-4)*(-4)/(-3). What is the remainder when v(y) is divided by d?
5
Let r = 13 - -94. What is the remainder when r is divided by 11?
8
Let a(y) = -2*y**3 - 32*y**2 - y - 14. What is the remainder when a(-16) is divi